-4)?
7
Suppose 0 = -2*k - 8, -3*a + 2*k = -3*k - 71. List the prime factors of a.
17
Suppose 3*r - 2*c + 0 + 16 = 0, 5*c = 2*r + 18. List the prime factors of r/14 - (-111)/21.
5
Suppose -3*o + 3 + 6 = 0. Suppose r = o*r - 2. List the prime factors of -1 + -1 + r - -7.
2, 3
Let n = 3 + -1. Suppose n*f = -8, -5*w + 1 = -2*f - 7. Suppose -3*g - g + 80 = w. List the prime factors of g.
2, 5
Let s(f) = -f**3 + 8*f**2 + 11*f - 4. Let o = 23 + -14. What are the prime factors of s(o)?
2, 7
Let c(n) = -3*n + 2. Let g be c(13). Let t = g - -63. List the prime factors of t.
2, 13
Let d(k) = -2*k**3 - 5*k**2 - 8*k - 3. What are the prime factors of d(-2)?
3
Suppose -2*z - 24 = -4*b - 4*z, 0 = -5*b + 4*z + 17. Suppose 2*k + 18 = b*k. List the prime factors of k.
2, 3
Suppose -10 = q - 4*d, 4*q + 4 = -3*d + 21. Suppose -5*h - 3*f + 84 = 0, -f = -q*h - 2*f + 33. List the prime factors of h.
3, 5
Let j = 169 + -118. Let q = 90 - j. List the prime factors of q.
3, 13
Let a(q) = -q**2 - q + 15. Let n be a(0). List the prime factors of 245/n + 1/(-3).
2
Let z(x) = 64*x**2 + x + 2. List the prime factors of z(-1).
5, 13
Suppose 5*d - 335 = -5*y, -2*y - 337 = -5*d - 5*y. List the prime factors of d.
2, 17
What are the prime factors of (((-28)/3)/(-2))/(29/87)?
2, 7
Let k be (4/(-7))/(2/(-7)). Suppose 0 = -4*d + d - k*f + 33, 0 = 5*d - 4*f - 77. Let h = d + -4. What are the prime factors of h?
3
Suppose 2*h = -3*x + 104, -5*x + h + 204 - 48 = 0. List the prime factors of x.
2
Let q(v) = -40*v + 19. List the prime factors of q(-3).
139
Let m(f) = 46*f**3 + f**2 - f - 1. Let c be m(1). What are the prime factors of c + 1 + (-21)/7?
43
Let v(r) = r**3 + 4*r**2 - 2*r - 6. Let q(m) = 2*m. Let o be q(2). Suppose 22 = -4*u - l + 4*l, o*u + l = -14. List the prime factors of v(u).
2
Let z = 3 - 1. Let b be (-1)/z + 18/4. Suppose -b*g + 0*g + 24 = 0. List the prime factors of g.
2, 3
Let t = 8 - 0. Let y(j) = -9*j + 18*j - 8*j + 2. List the prime factors of y(t).
2, 5
Let u = 147 + -72. List the prime factors of u.
3, 5
Suppose -4*j - 4 = 0, -r - 2*j + 2 = -0. Suppose -5*t - 4*q = -t - 48, 0 = -4*t + r*q + 40. Let w = -4 + t. List the prime factors of w.
7
Suppose 0 = 3*x - 15 - 45. Let s be (-6)/(-10)*x/4. Suppose 5*v = 3*n + 25, -3*v = -v + s*n - 31. List the prime factors of v.
2
Suppose 0 = -3*s - 3*w - 2*w + 76, 0 = -4*s - 5*w + 93. Let j = -5 + -3. Let l = s + j. List the prime factors of l.
3
Let y = 43 - 22. What are the prime factors of y?
3, 7
Let g = -26 + 18. Let x be (-3)/2*g/3. Suppose 0*j - 5*h + 1 = -j, -x = -2*j + 4*h. List the prime factors of j.
2
Let s(v) = -v**2 - 8*v + 5. Suppose -2*m + 3 = 3*j - 15, -19 = -m - 4*j. Suppose -30 + 6 = m*f. What are the prime factors of s(f)?
5
What are the prime factors of ((-10)/42 - 28/(-49))*921?
307
Let d = -23 - -29. List the prime factors of ((-26)/d)/((-4)/36).
3, 13
Suppose 3*b - 360 = -5*a, 3*a + 3*b - 22 - 188 = 0. List the prime factors of a.
3, 5
Let o = 7 + -4. Let f(j) = -j**2 + 3*j - 2. Let g be f(1). Suppose 0 = o*u - u, g = -5*t + 5*u + 45. List the prime factors of t.
3
Suppose -22*c + 291 = -19*c. List the prime factors of c.
97
Suppose 18*y + 444 = 24*y. What are the prime factors of y?
2, 37
Suppose 3*q + 12 = 4*a, a - 6*q - 20 = -q. Suppose 3*x - u + 2 = a, 5*x - 4*u = 1 - 2. Let l(p) = -5*p**3 - p - 1. What are the prime factors of l(x)?
5
Let g be (-438)/(-9) - 6/9. Suppose a + 3*a = g. What are the prime factors of a?
2, 3
Let u(k) = -36*k**3 + k**2 - k - 1. List the prime factors of u(-1).
37
Let g = 5 + -4. List the prime factors of (g/1)/((-4)/(-64)).
2
Let l(v) = v**3 - 5*v**2 - 3*v - 6. Let z be l(5). Let x = z - -31. List the prime factors of x.
2, 5
Suppose 18 = 2*b - 2. List the prime factors of b.
2, 5
Let z(v) = v**3 + v**2 + v - 4. List the prime factors of z(3).
5, 7
Let i(r) = -r - 2. Let y be i(-7). Suppose 0 = -4*u - 0*u + 20, y*j - 35 = 5*u. List the prime factors of j.
2, 3
Suppose -s = -6*s - 25. Let y = s - -11. List the prime factors of y.
2, 3
Let u be -10*(4 + (-88)/20). Suppose -q = -u*z + 14, -z + 20 = 3*z + 2*q. What are the prime factors of z?
2
What are the prime factors of (2 + 0)*(-168)/(-16)?
3, 7
Let h(s) = 4*s + 4. Let w(k) = k + 1. Let v = 12 + -6. Let y(j) = v*w(j) - h(j). What are the prime factors of y(5)?
2, 3
Let y be 3/(0 - (-3)/4). Suppose 5*h = y*v - v + 36, -3*v = 4*h - 18. What are the prime factors of h?
2, 3
Let p(l) = 64*l**3 + 2*l**2 - l. List the prime factors of p(1).
5, 13
Suppose 2*t = 6*t - 340. What are the prime factors of t?
5, 17
Let h(f) = 49*f + 1. Let b be h(1). Suppose -5*y = -y + 2*q - b, -q = -4*y + 59. List the prime factors of y.
2, 7
List the prime factors of (-6)/4*-6*6.
2, 3
Let m be (0 + (-44)/6)*-3. Suppose -o = -2*l - 4*o + m, -4*o = 3*l - 33. What are the prime factors of l?
11
Suppose 2*g + 0*z = z + 2, -z - 2 = 2*g. What are the prime factors of 27/(2 - 1) - g?
3
Let b = -32 + 26. Let r(v) be the second derivative of -v**5/20 - v**4/2 + 3*v**2/2 + 2*v. What are the prime factors of r(b)?
3
Let x(j) = -2*j + 9. Let c be x(8). Let q = 11 + c. What are the prime factors of q?
2
Let y = 27 + -18. Suppose -4*h + y*h - 210 = 0. List the prime factors of h.
2, 3, 7
Suppose 4*s - 42 = -2*g, 3*g = -2*g + 25. List the prime factors of 460/16 + 2/s.
29
Let g = 52 + -37. What are the prime factors of g?
3, 5
Let b = 3 - 3. Let q(u) = 2*u + 24. List the prime factors of q(b).
2, 3
Let p = -1 - -4. What are the prime factors of ((-60)/18)/((-1)/p)?
2, 5
Suppose -s = 5*v - 234 - 22, -3*v + 157 = 4*s. List the prime factors of v.
3, 17
Let z(u) = 2*u**2 + u + 1. Let f be z(-1). Suppose -6*p + f*p + 4 = 0. Suppose -g = 4*a + 18, 4*g - p = -a + 2. List the prime factors of g.
2
Let q = 25 - 38. Let b = -23 + q. What are the prime factors of (b/(-15))/(2/5)?
2, 3
Let v(g) = 7*g - 4. Let s be v(7). Suppose 4*n + s = 7*n. What are the prime factors of n?
3, 5
Suppose 2*s - 48 = -0*s - 4*g, 0 = 5*s - 4*g - 92. List the prime factors of s.
2, 5
Let q(x) = -x**3 + 2*x + 3. Let k(n) = n - 9. Let o be k(7). List the prime factors of q(o).
7
Suppose 2*p = 3*u + 7*p - 4, 5*p = -4*u + 12. What are the prime factors of u?
2
Let j = 7 - 5. Suppose -3*c + 22 = -j*c. What are the prime factors of c?
2, 11
Let r(y) = -y**3 + 7*y**2 - 5. What are the prime factors of r(6)?
31
What are the prime factors of 1144/32 - (-3)/(-4)?
5, 7
Suppose -4*c = c - 15. Suppose -c*u = k - 48, -32 = u - 2*u + 5*k. What are the prime factors of u?
17
Let m(z) = -2*z**3 - z**2 - z - 4. Let n be m(-3). List the prime factors of 554/22 + (-8)/n.
5
Let u(z) = 2*z**2 - 10*z + 12. Let f(l) = l + 5. Let b be f(0). List the prime factors of u(b).
2, 3
Suppose 7*a = 2*a + 110. List the prime factors of a.
2, 11
Let j(g) be the third derivative of -g**7/5040 + 7*g**6/360 - g**5/20 + 2*g**2. Let m(w) be the third derivative of j(w). What are the prime factors of m(9)?
5
Let h be 4/7*7/2. Let f(v) = 7*v**2 - 2*v - 1. Let l be f(h). Suppose 107 - l = 4*z. List the prime factors of z.
3, 7
What are the prime factors of 52*((-39)/12 + 4)?
3, 13
Let u be (-1)/(122/(-40) + 3). List the prime factors of -2 + (0 - (1 - u)).
17
Suppose -n + 0 = -4. Suppose 3*w - 9 = -n*u, -w + 4*u = -2*w + 3. Suppose 0*c = g - c + 1, w*c = -4*g + 24. What are the prime factors of g?
3
Let r(q) = -q**3 + 10*q**2 - 6. Let w be r(10). Let y(x) = x**3 + 7*x**2 + 2*x + 2. What are the prime factors of y(w)?
2, 13
Let t(m) be the third derivative of 2*m**2 + 0*m + 1/3*m**3 + 1/12*m**4 + 0. What are the prime factors of t(9)?
2, 5
Suppose -6 = -2*u - 2*g, -2*u + g + 9 = 2*g. Suppose 0*d = 3*a + d - u, -6 = -3*a + d. List the prime factors of (6 + -1)/(a + -1).
5
Let x = -2 - 4. Let s(n) = n**3 + 6*n**2 - 2. Let b be s(x). List the prime factors of (-2)/b - -12 - 0.
13
Let g(k) = k**3 - 7*k**2 - 5*k - 2. Suppose 0 = -2*v + 17 + 15. Let q = -8 + v. What are the prime factors of g(q)?
2, 11
Let c = -252 + 465. What are the prime factors of c?
3, 71
Let d be 2/(-4) + 2/(-4). What are the prime factors of ((-1)/d)/((-1)/(-15))?
3, 5
Let d = 34 + 20. What are the prime factors of d?
2, 3
Suppose 0 = -3*c - 4 + 10. Suppose 0 = -f + 3, 0 = 2*u + 6*f - c*f - 26. Let r = -3 + u. What are the prime factors of r?
2
Suppose -b